24.
12
What is the greatest common divisor of 18 and 7173?
9
What is the highest common divisor of 248706 and 82?
82
Calculate the highest common divisor of 1382 and 9133638.
1382
What is the highest common divisor of 5917 and 1067?
97
What is the greatest common factor of 736 and 28658?
46
Calculate the highest common factor of 2350 and 86500.
50
What is the highest common divisor of 81466 and 18469?
253
What is the greatest common divisor of 39025 and 325?
25
What is the highest common divisor of 370219 and 235?
47
What is the highest common factor of 7625 and 3721?
61
What is the highest common factor of 12150 and 72?
18
What is the greatest common divisor of 102921 and 42?
21
What is the highest common divisor of 804 and 249441?
201
Calculate the greatest common divisor of 62 and 453654.
62
Calculate the greatest common divisor of 1845976 and 24.
8
Calculate the greatest common divisor of 28223 and 169.
169
Calculate the highest common factor of 1368 and 2189256.
456
What is the greatest common factor of 48555 and 664?
83
What is the greatest common divisor of 270 and 1270?
10
Calculate the greatest common divisor of 72 and 39834.
18
Calculate the highest common divisor of 554580 and 300.
60
Calculate the highest common divisor of 7425 and 360.
45
Calculate the greatest common factor of 5499 and 50102.
611
What is the highest common divisor of 2 and 257?
1
Calculate the highest common factor of 90881 and 7.
7
Calculate the highest common factor of 376 and 146922.
94
What is the greatest common factor of 46728 and 24?
24
What is the greatest common divisor of 12105276 and 24?
12
What is the highest common factor of 183502 and 38?
38
What is the highest common divisor of 942 and 721258?
314
Calculate the highest common divisor of 5300 and 11.
1
What is the highest common divisor of 88 and 995016?
88
Calculate the highest common divisor of 154 and 30558.
22
Calculate the greatest common divisor of 62150 and 800.
50
What is the highest common divisor of 453 and 4568052?
453
What is the greatest common factor of 2340 and 11089?
13
Calculate the greatest common factor of 4096 and 2656.
32
What is the greatest common factor of 11776280 and 1240?
1240
Calculate the greatest common divisor of 904 and 13786.
226
What is the highest common divisor of 27187 and 12?
1
What is the greatest common divisor of 164 and 12?
4
Calculate the highest common factor of 9801 and 145563.
363
What is the greatest common divisor of 3396 and 276?
12
Calculate the greatest common divisor of 36905 and 682.
11
What is the greatest common divisor of 190 and 2352010?
190
Calculate the greatest common divisor of 65265 and 165.
15
What is the greatest common factor of 7426 and 1106?
158
Calculate the greatest common divisor of 10 and 40210.
10
Calculate the greatest common factor of 95779 and 361.
19
Calculate the greatest common divisor of 4464 and 504.
72
Calculate the highest common factor of 57081 and 20463.
1077
What is the highest common divisor of 331969 and 2637?
293
What is the greatest common divisor of 582536 and 72?
8
Calculate the greatest common factor of 84 and 1241996.
28
Calculate the greatest common divisor of 160460 and 1040.
20
Calculate the highest common factor of 4013004 and 274.
274
Calculate the highest common factor of 35 and 325920.
35
What is the greatest common divisor of 64485 and 45?
45
What is the greatest common factor of 52872 and 8328?
24
Calculate the greatest common divisor of 56856 and 206.
206
Calculate the highest common factor of 466336 and 78.
26
What is the greatest common divisor of 18 and 45027?
9
Calculate the highest common divisor of 48909 and 6439.
137
Calculate the highest common factor of 452 and 102604.
452
What is the greatest common divisor of 364250 and 20?
10
What is the highest common factor of 153039 and 2919?
417
Calculate the greatest common divisor of 81 and 252.
9
Calculate the greatest common factor of 488 and 64660.
244
What is the greatest common factor of 63 and 827649?
9
What is the greatest common factor of 864 and 51552?
288
What is the greatest common factor of 37496 and 10922?
86
What is the highest common factor of 204 and 148733?
17
Calculate the highest common factor of 101976 and 336.
168
What is the highest common factor of 89448 and 8?
8
Calculate the greatest common divisor of 1605045 and 39.
39
What is the highest common divisor of 184 and 5290?
46
What is the highest common divisor of 28 and 4543?
7
What is the highest common divisor of 4299 and 2959145?
1433
Calculate the highest common factor of 6 and 10533.
3
What is the greatest common factor of 3910 and 36225?
115
What is the greatest common divisor of 437021 and 637?
13
Calculate the highest common factor of 176319 and 351.
117
What is the greatest common divisor of 39721 and 4396?
157
What is the greatest common factor of 2502 and 10764?
18
What is the highest common divisor of 13357 and 37?
37
What is the highest common divisor of 3325 and 53675?
475
What is the greatest common factor of 458089 and 2?
1
Calculate the greatest common divisor of 7254034 and 332.
166
Calculate the greatest common factor of 2306 and 3842.
2
What is the greatest common factor of 1417 and 10573?
109
What is the greatest common divisor of 36 and 757284?
12
Calculate the highest common factor of 9955 and 495.
55
Calculate the greatest common divisor of 4710 and 1630.
10
Calculate the greatest common factor of 36 and 384822.
18
Calculate the highest common factor of 2347867 and 619.
619
Calculate the highest common divisor of 4842 and 67250.
538
What is the greatest common divisor of 1004272 and 46?
46
Calculate the highest common factor of 18032 and 22736.
784
What is the highest common factor of 17142132 and 812?
812
What is the highest common divisor of 67973 and 234877?
673
Calculate the highest common factor of 15215 and 221.
17
What is the highest common divisor of 7736771 and 791?
791
What is the highest common divisor of 526 and 1256614?
526
What is the highest common divisor of 2344 and 1352?
8
What is the greatest common factor of 83320 and 200?
40
Calculate the highest common divisor of 795 and 232299.
159
Calculate the highest common factor of 270 and 165.
15
Calculate the highest common factor of 594362 and 94.
94
Calculate the highest common divisor of 1081476 and 66.
66
Calculate the highest common divisor of 6612 and 3724.
76
Calculate the highest common factor of 615905 and 5771.
199
What is the highest common factor of 26432 and 7?
7
What is the highest common divisor of 11 and 91619?
11
What is the greatest common factor of 618 and 694?
2
Calculate the highest common divisor of 336 and 166096.
112
Calculate the greatest common factor of 14 and 318346.
14
Calculate the highest common divisor of 16 and 1290120.
8
What is the greatest common factor of 3105 and 297?
27
Calculate the greatest common factor of 4244400 and 2000.
400
Calculate the greatest common factor of 62262 and 3.
3
Calculate the highest common divisor of 10 and 2297340.
10
Calculate the highest common divisor of 1405593 and 1998.
999
What is the greatest common factor of 1375 and 4730?
55
Calculate the greatest common factor of 1232 and 81424.
112
Calculate the greatest common divisor of 30 and 6890.
10
Calculate the greatest common factor of 120472 and 6808.
296
Calculate the greatest common factor of 30471 and 63.
21
What is the greatest common factor of 210921 and 5473?
421
What is the highest common factor of 197194 and 2?
2
What is the highest common divisor of 232 and 7743?
29
Calculate the greatest common divisor of 21 and 6377.
7
Calculate the greatest common divisor of 107635 and 38522.
1133
What is the highest common divisor of 266 and 1575518?
266
What is the greatest common factor of 64414 and 172?
86
What is the greatest common factor of 20 and 69810?
10
Calculate the highest common factor of 1631619 and 495.
99
What is the greatest common factor of 342 and 13518?
18
What is the highest common divisor of 105830 and 570?
190
What is the greatest common divisor of 287 and 3199?
7
What is the greatest common factor of 4368 and 286416?
624
What is the greatest common factor of 2256 and 22080?
48
What is the highest common divisor of 12740 and 1560?
260
Calculate the 